uppose b*c = 5*c - 6. Suppose -c*l + 5*l - 12 = -3*o, -3*o = -2*l - 12. What are the prime factors of o?
2
List the prime factors of -2 + (16 - (3 - 6)).
17
Let t = 31 - 15. List the prime factors of t.
2
Let b(d) = 3*d**2 - 2*d - 3. Let a be b(3). Suppose 5*k - a = j - 1, -3*j = k - 13. List the prime factors of (k/5)/((-4)/(-60)).
2, 3
Suppose -8 - 12 = -4*c. Suppose d = c + 8. What are the prime factors of d?
13
Suppose 0 = -5*p - 5, 427 - 53 = 5*i - 4*p. What are the prime factors of i?
2, 37
Let p be 8/(-40) + 16/5. Suppose 3*l - 42 = -p*l. What are the prime factors of l?
7
Suppose -4*n + 6 = -g, 0*n + 1 = -g - n. Let k(v) = -v + 6. Let s be k(0). Let b = g + s. What are the prime factors of b?
2
Let p(r) = 0*r - r - 2*r. Let v be p(-1). What are the prime factors of (1/1 - v)*-2?
2
Let q be 11/22 + (-223)/(-2). Let u = q + -75. List the prime factors of u.
37
Let x = 47 - 31. What are the prime factors of x?
2
Suppose -2*o = 3*q - 184, -3*o + 35 + 81 = 2*q. Let z = q - 32. What are the prime factors of z?
2
Suppose -3*l - 70 = -5*h, h - 116 = 4*l - 0*h. List the prime factors of (l/9)/(-2)*9.
3, 5
Suppose 0 = -6*c + 3*c + 135. List the prime factors of c.
3, 5
Let j(n) = n**3 - 3*n**2 - 6*n + 10. Let d be j(4). Suppose 26 = d*t - 4*u, -19 - 14 = -3*t + 4*u. What are the prime factors of t?
7
Let k = -2 - -4. List the prime factors of (-3 - -1) + 12/k.
2
Suppose 4*h - 240 = -h - 2*r, -5*r + 75 = 2*h. Suppose -5*n + 7*c + h = 2*c, 3*c + 25 = 2*n. List the prime factors of n.
5
Let n be 4/(-6) - (-16)/6. Let y(c) = -c**3 + 7*c**2 - 6*c + 4. Let f be y(6). Let l = f + n. What are the prime factors of l?
2, 3
Let j = 2 + -2. Suppose 2*p + p - 12 = 0. Suppose j = -5*i - 5 - 0, 2*i = p*r - 58. What are the prime factors of r?
2, 7
Let h = 8 - 4. Suppose -u - u = -h. List the prime factors of u.
2
What are the prime factors of 2/(-4)*(-5 + -35)?
2, 5
Suppose -2*b = -0 - 8. Suppose 7*l - 15 = b*l. List the prime factors of l.
5
Suppose 5*t = 2 + 3. Let s = 4 - t. What are the prime factors of s?
3
Let j(z) be the second derivative of -z + 1/6*z**3 - 2*z**2 + 0. List the prime factors of j(8).
2
Suppose -4*v = -2 - 6. Suppose -5*x = -v*x - 27. What are the prime factors of x?
3
Let m = 6 - -39. Suppose 0 = -2*f + q - m, 3*f = q + 2*q - 72. Let j = f - -34. What are the prime factors of j?
13
Let z(i) = i**2 - 9*i + 9. Let x be z(6). Let d be (-3)/x - 4/3. List the prime factors of 10/4*d*-4.
2, 5
Let n(u) = 6*u + 10. Let j be 30/4 + 24/(-16). What are the prime factors of n(j)?
2, 23
Suppose 5*c - 219 = -39. Suppose r = -3*r + c. Suppose -m + 4*m - r = 0. List the prime factors of m.
3
Let q(d) = 3*d + 8*d - d**2 - d + 5 - 2*d. What are the prime factors of q(7)?
2, 3
Let o = 46 - 6. List the prime factors of o.
2, 5
Let s = 6 + -3. Let r(l) = l**3 - l**2 - l + 4. List the prime factors of r(s).
19
What are the prime factors of (-6)/(-9) - 28/(-12)?
3
Suppose -2*q - 51 = -q. Let z = -25 - q. What are the prime factors of z?
2, 13
Let r(t) = t**3 - 3*t**2 + 3*t. Let q be r(2). Let g be q*2*2/4. Suppose 0 = -2*o - g*o + 20. What are the prime factors of o?
5
Let h(y) = 3*y**2 - 2*y - 2. Let t be h(-2). Let j = t - 5. What are the prime factors of j?
3
Let j(p) = 23*p**2 - 4*p - 2. List the prime factors of j(-2).
2, 7
Let i = 3 + 3. Let x be (i/(-9))/(2/(-12)). Suppose 0 = 4*g + x, -4*n - 3*g + g + 22 = 0. What are the prime factors of n?
2, 3
Suppose -n + 3*c = -0*n + 6, 2*n - 24 = -3*c. Suppose 0 = -4*l + n + 2. Suppose 3*m - 24 = 3*x, -2*m - x - 4 = l*x. What are the prime factors of m?
2
Suppose 3*v - v + 29 = 5*x, -3*x + 15 = 0. Let z = v - -10. What are the prime factors of z?
2
Let h(d) = d**3 + 3*d**2 - 4*d - 4. Let l(i) = i**2 + 3*i - 3. Let p be l(-3). List the prime factors of h(p).
2
Suppose -15 = 5*s - 5*m, 4*s - 2*m + 17 = 3*m. Suppose s*o - 4 = o. What are the prime factors of o?
2
Suppose -7*f + 5*f = 0. What are the prime factors of 47 + f + 4 + -2?
7
Suppose 620 + 73 = 3*f. What are the prime factors of f?
3, 7, 11
Suppose -2*p - 2 = -6. Suppose p*k - 3*k + 18 = 0. List the prime factors of k.
2, 3
Let b = 9 + 11. Suppose 5*y + 2*x - 7 = 0, 0 = 2*y - 2*x + 4*x + 2. Suppose -2*l + y*v = -l - b, -4*l + 59 = -5*v. List the prime factors of l.
11
Let y(o) = -28*o - 10. List the prime factors of y(-3).
2, 37
Suppose p - 115 = -4*p. Let j = p - 9. What are the prime factors of j?
2, 7
Suppose 4*b - 20 = -2*f, -b - f + 3 = -4. Suppose -b*g - 79 = -211. What are the prime factors of g?
2, 11
What are the prime factors of -42*20/(-15) - 4?
2, 13
Let x(y) = -y + 11. Let q(d) = -9*d - 1. Let n be ((-3 - -1)/2)/1. Let l be q(n). What are the prime factors of x(l)?
3
Let c be 1 - (-11 - -2 - 2). Suppose 2 = 3*h - 7. Suppose -h*b + m + 4*m = -49, -b - c = 4*m. List the prime factors of b.
2
What are the prime factors of 28/(-98) + (-849)/(-7) + -1?
2, 3, 5
Let m = 13 + -4. Let l = -4 + m. What are the prime factors of l?
5
Let z(w) be the second derivative of -w**6/720 + 7*w**5/120 + w**4/12 + 2*w. Let h(t) be the third derivative of z(t). List the prime factors of h(-5).
2, 3
Let y(a) = -a**3 - 5*a**2 + 7*a + 3. Suppose -40 = 4*x + 4*l, -x + 3*l = 2*x + 6. Let q be y(x). What are the prime factors of (5 - -1)*q/(-3)?
2, 3
Let a(f) = f**2 + 4. Let y be a(0). Suppose -y*j = -5*n + 72, 0*n - 22 = -n - 3*j. List the prime factors of n.
2
Let i(m) = -41*m**3 + m**2 - m - 1. List the prime factors of i(-1).
2, 3, 7
Suppose 0 = -3*b + 5*p + 134, -2*b + 3*p = 2*p - 101. List the prime factors of b.
53
Let q = -2 + 6. Suppose 6 = 2*x, 4*i - q = -2*x + 82. What are the prime factors of i?
2, 5
Let f(s) be the third derivative of s**4/24 + s**3/3 + 2*s**2. Let j = 7 - 1. What are the prime factors of f(j)?
2
Suppose -v - u = -51, -4*v - 5*u = -244 + 43. What are the prime factors of v?
2, 3
Let q(m) = -7*m + 10. Let o(s) = 7*s - 9. Let v(p) = 7*o(p) + 6*q(p). Suppose -x - 1 = -3. What are the prime factors of v(x)?
11
Suppose l - 9 = 1. List the prime factors of (8/l)/(2/55).
2, 11
Let p be (-3)/3 - (2 - 0). Let m = p + 3. Suppose m = -g - g + 14. What are the prime factors of g?
7
Let u(m) = 2*m. Suppose 0 = 2*l + 5*x - 14, -l + 0*l + 8 = 3*x. Let r be u(l). Suppose -4*d - 10 = -5*v + 18, 0 = v + r*d + 4. List the prime factors of v.
2
Suppose -2*k - 106 = -4*k. Let a = -17 + k. What are the prime factors of a?
2, 3
Let q(r) be the second derivative of -r**4/12 - 8*r**3/3 + 3*r**2/2 + r. What are the prime factors of q(-14)?
31
Suppose -2*i = -4*i + 2. Let x(l) be the third derivative of l**5/30 - 2*l**2. List the prime factors of x(i).
2
Let y be -8 - -2*(-2 + 1). Let u = y - -14. Let s = 5 + u. What are the prime factors of s?
3
Let t = -3 - -5. Let v(f) = 2*f + 3*f + 3*f - 4*f - 3 + f**t. What are the prime factors of v(2)?
3
List the prime factors of (1/1)/(8/1240).
5, 31
Suppose 0 = 4*z - 5*n - 374, -2*z + 263 = z + 5*n. List the prime factors of z.
7, 13
Let b be (-10)/(-2) + 42/(-14). Let k(r) = 0 - 3*r + 1 + 1 + 6*r**2. List the prime factors of k(b).
2, 5
Suppose 106 - 29 = 4*p - 5*m, -85 = -5*p - 5*m. Let u be 1/2*(0 + -4). Let a = p - u. List the prime factors of a.
2, 5
Let h(w) = -w - 2. Let l be h(-2). Suppose l = 3*n - 0 - 3. What are the prime factors of 1 - (n - (-4)/(-2))?
2
Let y = -46 + 81. What are the prime factors of y?
5, 7
Let n(j) = 2*j + 11. List the prime factors of n(5).
3, 7
Let k = 88 + -49. What are the prime factors of k?
3, 13
Suppose -4*c + 4 = 0, 5*x + 2*c - 3*c = 74. List the prime factors of x.
3, 5
Let g(o) = 2*o + 4. Suppose 5*q - 5*b - 65 = 0, -4*b - 7 = -q + 9. List the prime factors of g(q).
2, 7
Suppose -275 = -3*z - 50. What are the prime factors of z?
3, 5
Let m = 5 - 13. Let n = m + 13. Suppose -n*l + 2 = -2*v - 0, -2*l = -v. What are the prime factors of v?
2
Suppose -4*b + 3*b = -27. Let n = -16 + b. What are the prime factors of n?
11
Let s be 1/1*2 - 1. Let h = 8 - s. Let l = h - 2. List the prime factors of l.
5
Let n(w) = 3*w**3 - 7*w**2 - 4*w + 1. What are the prime factors of n(4)?
5, 13
Suppose -3*r = -b + 5*b + 13, 2*r + 6 = -4*b. Let j = r - -47. Suppose 5*u - j = -3*x, -2*x + u + 0*u + 5 = 0. What are the prime factors of x?
5
Suppose 0*v - 192 = -4*v. Let g = v - 26. What are the prime fac